{"id":6,"date":"2025-12-09T15:11:58","date_gmt":"2025-12-09T15:11:58","guid":{"rendered":"https:\/\/gourmandes.be\/?page_id=6"},"modified":"2025-12-15T12:58:36","modified_gmt":"2025-12-15T12:58:36","slug":"les-gourmandes","status":"publish","type":"page","link":"https:\/\/gourmandes.be\/?page_id=6\/","title":{"rendered":"Les Gourmandes"},"content":{"rendered":"\n<div class=\"wp-block-buttons is-layout-flex wp-block-buttons-is-layout-flex\">\n<div class=\"wp-block-button\"><a class=\"wp-block-button__link wp-element-button\" href=\"mailto:info@gourmandes.be\">Contactez-nous<\/a><\/div>\n<\/div>\n\n\n\n<figure class=\"wp-block-image aligncenter size-full is-style-rounded\"><img loading=\"lazy\" decoding=\"async\" width=\"200\" height=\"200\" src=\"https:\/\/gourmandes.be\/wp-content\/uploads\/2025\/12\/LEs-Gourmandes.jpg\" alt=\"\" class=\"wp-image-9\" srcset=\"https:\/\/gourmandes.be\/wp-content\/uploads\/2025\/12\/LEs-Gourmandes.jpg 200w, https:\/\/gourmandes.be\/wp-content\/uploads\/2025\/12\/LEs-Gourmandes-150x150.jpg 150w\" sizes=\"auto, (max-width: 200px) 100vw, 200px\" \/><\/figure>\n\n\n\n<div class=\"wp-block-columns is-layout-flex wp-container-core-columns-is-layout-28f84493 wp-block-columns-is-layout-flex\">\n<div class=\"wp-block-column is-layout-flow wp-block-column-is-layout-flow\" style=\"flex-basis:100%\">\n<div class=\"wp-block-group has-global-padding is-content-justification-center is-layout-constrained wp-container-core-group-is-layout-cfb377b4 wp-block-group-is-layout-constrained\" style=\"min-height:0vh;margin-top:0;margin-bottom:0;padding-top:var(--wp--preset--spacing--70);padding-right:var(--wp--preset--spacing--40);padding-bottom:var(--wp--preset--spacing--70);padding-left:var(--wp--preset--spacing--40)\">\n<div class=\"wp-block-group is-style-section-3 has-global-padding is-layout-constrained wp-container-core-group-is-layout-346627ba wp-block-group-is-layout-constrained is-style-section-3--1\">\n<h2 class=\"wp-block-heading has-text-align-center has-xx-large-font-size\" style=\"margin-right:0;margin-left:0;padding-right:0;padding-left:0\">Les Gourmandes<\/h2>\n\n\n\n<p class=\"has-text-align-center has-large-font-size\">Depuis nos d\u00e9buts, nous cr\u00e9ons des tapenades artisanales faites maison, alliant simplicit\u00e9 et qualit\u00e9. <\/p>\n\n\n\n<p class=\"has-text-align-center has-large-font-size\">Chaque recette est le fruit d\u2019un savoir-faire \u00e9tudi\u00e9 et test\u00e9 et valid\u00e9 par les \u00e9picuriens qui nous entourent, pour vous offrir une exp\u00e9rience unique<\/p>\n\n\n\n<div class=\"wp-block-buttons is-content-justification-center is-layout-flex wp-container-core-buttons-is-layout-a89b3969 wp-block-buttons-is-layout-flex\"><\/div>\n<\/div>\n<\/div>\n<\/div>\n<\/div>\n\n\n\n<div class=\"wp-block-group alignfull has-global-padding is-layout-constrained wp-container-core-group-is-layout-ebee8dc1 wp-block-group-is-layout-constrained\" style=\"margin-top:0;margin-bottom:0;padding-top:var(--wp--preset--spacing--50);padding-bottom:var(--wp--preset--spacing--50)\">\n<h2 class=\"wp-block-heading alignwide\">Nos produits<\/h2>\n\n\n\n<div class=\"wp-block-columns alignwide is-layout-flex wp-container-core-columns-is-layout-28f84493 wp-block-columns-is-layout-flex\">\n<div class=\"wp-block-column is-layout-flow wp-block-column-is-layout-flow\">\n<figure class=\"wp-block-image size-full\" style=\"margin-bottom:24px\"><img loading=\"lazy\" decoding=\"async\" width=\"1024\" height=\"1024\" src=\"https:\/\/gourmandes.be\/wp-content\/uploads\/2025\/12\/WhatsApp-Image-2025-12-09-a-20.10.42_6be2ff93.jpg\" alt=\"\" class=\"wp-image-33\" style=\"aspect-ratio:4\/3;object-fit:cover\" srcset=\"https:\/\/gourmandes.be\/wp-content\/uploads\/2025\/12\/WhatsApp-Image-2025-12-09-a-20.10.42_6be2ff93.jpg 1024w, https:\/\/gourmandes.be\/wp-content\/uploads\/2025\/12\/WhatsApp-Image-2025-12-09-a-20.10.42_6be2ff93-300x300.jpg 300w, https:\/\/gourmandes.be\/wp-content\/uploads\/2025\/12\/WhatsApp-Image-2025-12-09-a-20.10.42_6be2ff93-150x150.jpg 150w, https:\/\/gourmandes.be\/wp-content\/uploads\/2025\/12\/WhatsApp-Image-2025-12-09-a-20.10.42_6be2ff93-768x768.jpg 768w\" sizes=\"auto, (max-width: 1024px) 100vw, 1024px\" \/><\/figure>\n\n\n\n<h3 class=\"wp-block-heading\">Olives vertes <\/h3>\n\n\n\n<p class=\"has-medium-font-size\"><\/p>\n<\/div>\n\n\n\n<div class=\"wp-block-column is-layout-flow wp-block-column-is-layout-flow\">\n<figure class=\"wp-block-image size-full\" style=\"margin-bottom:24px\"><img loading=\"lazy\" decoding=\"async\" width=\"1024\" height=\"1024\" src=\"https:\/\/gourmandes.be\/wp-content\/uploads\/2025\/12\/Tapenade-mixtes.jpg\" alt=\"\" class=\"wp-image-21\" style=\"aspect-ratio:4\/3;object-fit:cover\" srcset=\"https:\/\/gourmandes.be\/wp-content\/uploads\/2025\/12\/Tapenade-mixtes.jpg 1024w, https:\/\/gourmandes.be\/wp-content\/uploads\/2025\/12\/Tapenade-mixtes-300x300.jpg 300w, https:\/\/gourmandes.be\/wp-content\/uploads\/2025\/12\/Tapenade-mixtes-150x150.jpg 150w, https:\/\/gourmandes.be\/wp-content\/uploads\/2025\/12\/Tapenade-mixtes-768x768.jpg 768w\" sizes=\"auto, (max-width: 1024px) 100vw, 1024px\" \/><\/figure>\n\n\n\n<h3 class=\"wp-block-heading\">Olives Noires<\/h3>\n\n\n\n<p class=\"has-medium-font-size\"><\/p>\n<\/div>\n\n\n\n<div class=\"wp-block-column is-layout-flow wp-block-column-is-layout-flow\">\n<figure class=\"wp-block-image size-full\" style=\"margin-bottom:24px\"><img loading=\"lazy\" decoding=\"async\" width=\"1024\" height=\"1024\" src=\"https:\/\/gourmandes.be\/wp-content\/uploads\/2025\/12\/WhatsApp-Image-2025-12-09-a-20.10.42_a578b0fe.jpg\" alt=\"\" class=\"wp-image-34\" style=\"aspect-ratio:4\/3;object-fit:cover\" srcset=\"https:\/\/gourmandes.be\/wp-content\/uploads\/2025\/12\/WhatsApp-Image-2025-12-09-a-20.10.42_a578b0fe.jpg 1024w, https:\/\/gourmandes.be\/wp-content\/uploads\/2025\/12\/WhatsApp-Image-2025-12-09-a-20.10.42_a578b0fe-300x300.jpg 300w, https:\/\/gourmandes.be\/wp-content\/uploads\/2025\/12\/WhatsApp-Image-2025-12-09-a-20.10.42_a578b0fe-150x150.jpg 150w, https:\/\/gourmandes.be\/wp-content\/uploads\/2025\/12\/WhatsApp-Image-2025-12-09-a-20.10.42_a578b0fe-768x768.jpg 768w\" sizes=\"auto, (max-width: 1024px) 100vw, 1024px\" \/><\/figure>\n\n\n\n<h3 class=\"wp-block-heading\">Ancho\u00efade<\/h3>\n\n\n\n<p class=\"has-medium-font-size\"><\/p>\n<\/div>\n<\/div>\n\n\n\n<div class=\"wp-block-columns alignwide is-layout-flex wp-container-core-columns-is-layout-28f84493 wp-block-columns-is-layout-flex\">\n<div class=\"wp-block-column is-layout-flow wp-block-column-is-layout-flow\">\n<figure class=\"wp-block-image size-full\" style=\"margin-bottom:24px\"><img loading=\"lazy\" decoding=\"async\" width=\"1024\" height=\"1024\" src=\"https:\/\/gourmandes.be\/wp-content\/uploads\/2025\/12\/WhatsApp-Image-2025-12-09-a-20.10.42_6be2ff93-1.jpg\" alt=\"\" class=\"wp-image-35\" style=\"aspect-ratio:4\/3;object-fit:cover\" srcset=\"https:\/\/gourmandes.be\/wp-content\/uploads\/2025\/12\/WhatsApp-Image-2025-12-09-a-20.10.42_6be2ff93-1.jpg 1024w, https:\/\/gourmandes.be\/wp-content\/uploads\/2025\/12\/WhatsApp-Image-2025-12-09-a-20.10.42_6be2ff93-1-300x300.jpg 300w, https:\/\/gourmandes.be\/wp-content\/uploads\/2025\/12\/WhatsApp-Image-2025-12-09-a-20.10.42_6be2ff93-1-150x150.jpg 150w, https:\/\/gourmandes.be\/wp-content\/uploads\/2025\/12\/WhatsApp-Image-2025-12-09-a-20.10.42_6be2ff93-1-768x768.jpg 768w\" sizes=\"auto, (max-width: 1024px) 100vw, 1024px\" \/><\/figure>\n\n\n\n<h3 class=\"wp-block-heading\">Olives vertes Piquantes<\/h3>\n\n\n\n<p class=\"has-medium-font-size\"><\/p>\n<\/div>\n\n\n\n<div class=\"wp-block-column is-layout-flow wp-block-column-is-layout-flow\">\n<figure class=\"wp-block-image size-full\" style=\"margin-bottom:24px\"><img loading=\"lazy\" decoding=\"async\" width=\"1024\" height=\"1024\" src=\"https:\/\/gourmandes.be\/wp-content\/uploads\/2025\/12\/WhatsApp-Image-2025-12-09-a-20.10.42_1ccdad4f.jpg\" alt=\"\" class=\"wp-image-37\" style=\"aspect-ratio:4\/3;object-fit:cover\" srcset=\"https:\/\/gourmandes.be\/wp-content\/uploads\/2025\/12\/WhatsApp-Image-2025-12-09-a-20.10.42_1ccdad4f.jpg 1024w, https:\/\/gourmandes.be\/wp-content\/uploads\/2025\/12\/WhatsApp-Image-2025-12-09-a-20.10.42_1ccdad4f-300x300.jpg 300w, https:\/\/gourmandes.be\/wp-content\/uploads\/2025\/12\/WhatsApp-Image-2025-12-09-a-20.10.42_1ccdad4f-150x150.jpg 150w, https:\/\/gourmandes.be\/wp-content\/uploads\/2025\/12\/WhatsApp-Image-2025-12-09-a-20.10.42_1ccdad4f-768x768.jpg 768w\" sizes=\"auto, (max-width: 1024px) 100vw, 1024px\" \/><\/figure>\n\n\n\n<h3 class=\"wp-block-heading\">Artichauts<\/h3>\n\n\n\n<p class=\"has-medium-font-size\"><\/p>\n<\/div>\n\n\n\n<div class=\"wp-block-column is-layout-flow wp-block-column-is-layout-flow\">\n<figure class=\"wp-block-image size-full\" style=\"margin-bottom:24px\"><img loading=\"lazy\" decoding=\"async\" width=\"1024\" height=\"1024\" src=\"https:\/\/gourmandes.be\/wp-content\/uploads\/2025\/12\/WhatsApp-Image-2025-12-09-a-20.10.42_fd1f71e0.jpg\" alt=\"\" class=\"wp-image-36\" style=\"aspect-ratio:4\/3;object-fit:cover\" srcset=\"https:\/\/gourmandes.be\/wp-content\/uploads\/2025\/12\/WhatsApp-Image-2025-12-09-a-20.10.42_fd1f71e0.jpg 1024w, https:\/\/gourmandes.be\/wp-content\/uploads\/2025\/12\/WhatsApp-Image-2025-12-09-a-20.10.42_fd1f71e0-300x300.jpg 300w, https:\/\/gourmandes.be\/wp-content\/uploads\/2025\/12\/WhatsApp-Image-2025-12-09-a-20.10.42_fd1f71e0-150x150.jpg 150w, https:\/\/gourmandes.be\/wp-content\/uploads\/2025\/12\/WhatsApp-Image-2025-12-09-a-20.10.42_fd1f71e0-768x768.jpg 768w\" sizes=\"auto, (max-width: 1024px) 100vw, 1024px\" \/><\/figure>\n\n\n\n<h3 class=\"wp-block-heading\">Poivrons rouges grill\u00e9s<\/h3>\n\n\n\n<p class=\"has-medium-font-size\"><\/p>\n<\/div>\n<\/div>\n<\/div>\n\n\n\n<h2 class=\"wp-block-heading\">Contact <\/h2>\n\n\n\n<p>Jennifer Rivera <\/p>\n\n\n\n<p>0465809520<\/p>\n\n\n\n<p>info@gourmandes.be<\/p>\n\n\n\n<figure class=\"wp-block-gallery has-nested-images columns-default is-cropped wp-block-gallery-2 is-layout-flex wp-block-gallery-is-layout-flex\">\n<figure class=\"wp-block-image size-large\"><img loading=\"lazy\" decoding=\"async\" width=\"1024\" height=\"594\" data-id=\"24\" src=\"https:\/\/gourmandes.be\/wp-content\/uploads\/2025\/12\/starters-2157242_1280-1024x594.jpg\" alt=\"\" class=\"wp-image-24\" srcset=\"https:\/\/gourmandes.be\/wp-content\/uploads\/2025\/12\/starters-2157242_1280-1024x594.jpg 1024w, https:\/\/gourmandes.be\/wp-content\/uploads\/2025\/12\/starters-2157242_1280-300x174.jpg 300w, https:\/\/gourmandes.be\/wp-content\/uploads\/2025\/12\/starters-2157242_1280-768x446.jpg 768w, https:\/\/gourmandes.be\/wp-content\/uploads\/2025\/12\/starters-2157242_1280.jpg 1280w\" sizes=\"auto, (max-width: 1024px) 100vw, 1024px\" \/><\/figure>\n<\/figure>\n\n\n\n<p><\/p>\n\n\n\n<p><\/p>\n","protected":false},"excerpt":{"rendered":"<p>Les Gourmandes Depuis nos d\u00e9buts, nous cr\u00e9ons des tapenades artisanales faites maison, alliant simplicit\u00e9 et qualit\u00e9. Chaque recette est le fruit d\u2019un savoir-faire \u00e9tudi\u00e9 et test\u00e9 et valid\u00e9 par les \u00e9picuriens qui nous entourent, pour vous offrir une exp\u00e9rience unique Nos produits Olives vertes Olives Noires Ancho\u00efade Olives vertes Piquantes Artichauts Poivrons rouges grill\u00e9s Contact [&hellip;]<\/p>\n","protected":false},"author":1,"featured_media":0,"parent":0,"menu_order":0,"comment_status":"closed","ping_status":"closed","template":"","meta":{"footnotes":""},"class_list":["post-6","page","type-page","status-publish","hentry"],"_links":{"self":[{"href":"https:\/\/gourmandes.be\/?page_id=6%2Findex.php&rest_route=\/wp\/v2\/pages\/6","targetHints":{"allow":["GET"]}}],"collection":[{"href":"https:\/\/gourmandes.be\/?page_id=6%2Findex.php&rest_route=\/wp\/v2\/pages"}],"about":[{"href":"https:\/\/gourmandes.be\/?page_id=6%2Findex.php&rest_route=\/wp\/v2\/types\/page"}],"author":[{"embeddable":true,"href":"https:\/\/gourmandes.be\/?page_id=6%2Findex.php&rest_route=\/wp\/v2\/users\/1"}],"replies":[{"embeddable":true,"href":"https:\/\/gourmandes.be\/?page_id=6%2Findex.php&rest_route=%2Fwp%2Fv2%2Fcomments&post=6"}],"version-history":[{"count":12,"href":"https:\/\/gourmandes.be\/?page_id=6%2Findex.php&rest_route=\/wp\/v2\/pages\/6\/revisions"}],"predecessor-version":[{"id":44,"href":"https:\/\/gourmandes.be\/?page_id=6%2Findex.php&rest_route=\/wp\/v2\/pages\/6\/revisions\/44"}],"wp:attachment":[{"href":"https:\/\/gourmandes.be\/?page_id=6%2Findex.php&rest_route=%2Fwp%2Fv2%2Fmedia&parent=6"}],"curies":[{"name":"wp","href":"https:\/\/api.w.org\/{rel}","templated":true}]}}